{"id":218,"date":"2018-09-01T18:49:56","date_gmt":"2018-09-01T18:49:56","guid":{"rendered":"https:\/\/epilotos.com\/site\/?page_id=218"},"modified":"2025-09-18T18:47:09","modified_gmt":"2025-09-18T21:47:09","slug":"liga-epilotos","status":"publish","type":"page","link":"https:\/\/epilotos.com\/site\/","title":{"rendered":"Home Page"},"content":{"rendered":"\n<h2 class=\"wp-block-heading has-text-align-center\"><strong>ePilotos &#8211; #Voltaaspistas<\/strong><\/h2>\n\n\n\n<script async=\"\" src=\"https:\/\/pagead2.googlesyndication.com\/pagead\/js\/adsbygoogle.js?client=ca-pub-6048864022769168\" crossorigin=\"anonymous\"><\/script>\n\n\n\n<h3 class=\"wp-block-heading\"><\/h3>\n\n\n<div class=\"wp-block-image is-style-default\">\n<figure class=\"aligncenter size-large\"><img loading=\"lazy\" decoding=\"async\" width=\"1024\" height=\"582\" src=\"https:\/\/epilotos.com\/site\/wp-content\/uploads\/2025\/09\/Banner-PATROCINIO-1024x582.jpg\" alt=\"\" class=\"wp-image-2043\" srcset=\"https:\/\/epilotos.com\/site\/wp-content\/uploads\/2025\/09\/Banner-PATROCINIO-1024x582.jpg 1024w, https:\/\/epilotos.com\/site\/wp-content\/uploads\/2025\/09\/Banner-PATROCINIO-300x171.jpg 300w, https:\/\/epilotos.com\/site\/wp-content\/uploads\/2025\/09\/Banner-PATROCINIO-768x437.jpg 768w, https:\/\/epilotos.com\/site\/wp-content\/uploads\/2025\/09\/Banner-PATROCINIO-1536x873.jpg 1536w, https:\/\/epilotos.com\/site\/wp-content\/uploads\/2025\/09\/Banner-PATROCINIO.jpg 1900w\" sizes=\"auto, (max-width: 1024px) 100vw, 1024px\" \/><\/figure>\n<\/div>\n\n\n<h3 class=\"wp-block-heading has-text-align-center\"><strong>PONTUA\u00c7\u00c3O <\/strong>PILOTOS<\/h3>\n\n\n\n<iframe loading=\"lazy\" height=\"585px\" width=\"100%\" src=\"https:\/\/docs.google.com\/spreadsheets\/d\/e\/2PACX-1vQ6w4C6ZCXTrDmEc_udbXMawZEFoKU8dbw1fVCoU3i6NJ9SxRn9vc9XFp8ohkCMMDFDwXjMZkKA6-pW\/pubhtml?gid=0&amp;single=true&amp;widget=true&amp;headers=false\"><\/iframe>\n\n\n\n<h5 class=\"wp-block-heading has-text-align-center\"><strong>Links \u00fateis<\/strong><\/h5>\n\n\n\n<div class=\"wp-block-buttons is-content-justification-center is-layout-flex wp-container-core-buttons-is-layout-16018d1d wp-block-buttons-is-layout-flex\">\n<div class=\"wp-block-button\"><a class=\"wp-block-button__link has-very-light-gray-color has-very-dark-gray-background-color has-text-color has-background wp-element-button\" href=\"https:\/\/www.instagram.com\/anglodigital.nh\/\" target=\"_blank\" rel=\"noreferrer noopener\">Anglo Digital<\/a><\/div>\n\n\n\n<div class=\"wp-block-button\"><a class=\"wp-block-button__link has-very-light-gray-color has-very-dark-gray-background-color has-text-color has-background wp-element-button\" href=\"https:\/\/www.instagram.com\/navas.shopp\/\" target=\"_blank\" rel=\"noreferrer noopener\">Navas Shop<\/a><\/div>\n\n\n\n<div class=\"wp-block-button is-style-outline is-style-outline--1\"><a class=\"wp-block-button__link has-very-light-gray-color has-very-dark-gray-background-color has-text-color has-background wp-element-button\" href=\"https:\/\/drive.google.com\/file\/d\/1ZjIrpCpgrfLnj3xH5ySYGQQst-Ajztic\/view?usp=sharing\">Regulamento<\/a><\/div>\n\n\n\n<div class=\"wp-block-button is-style-outline is-style-outline--2\"><a class=\"wp-block-button__link has-very-light-gray-color has-very-dark-gray-background-color has-text-color has-background wp-element-button\" href=\"https:\/\/www.youtube.com\/@RodoxLiveTV\">Onde Assistir<\/a><\/div>\n<\/div>\n\n\n\n<h4 class=\"wp-block-heading has-text-align-center\">TEMPORADA &#8211; VOLTA AS PISTAS<\/h4>\n\n\n\n<p><\/p>\n","protected":false},"excerpt":{"rendered":"<p>ePilotos &#8211; #Voltaaspistas PONTUA\u00c7\u00c3O PILOTOS Links \u00fateis TEMPORADA &#8211; VOLTA AS PISTAS<\/p>\n","protected":false},"author":1,"featured_media":0,"parent":0,"menu_order":0,"comment_status":"closed","ping_status":"closed","template":"","meta":{"footnotes":""},"class_list":["post-218","page","type-page","status-publish","hentry"],"_links":{"self":[{"href":"https:\/\/epilotos.com\/site\/wp-json\/wp\/v2\/pages\/218","targetHints":{"allow":["GET"]}}],"collection":[{"href":"https:\/\/epilotos.com\/site\/wp-json\/wp\/v2\/pages"}],"about":[{"href":"https:\/\/epilotos.com\/site\/wp-json\/wp\/v2\/types\/page"}],"author":[{"embeddable":true,"href":"https:\/\/epilotos.com\/site\/wp-json\/wp\/v2\/users\/1"}],"replies":[{"embeddable":true,"href":"https:\/\/epilotos.com\/site\/wp-json\/wp\/v2\/comments?post=218"}],"version-history":[{"count":126,"href":"https:\/\/epilotos.com\/site\/wp-json\/wp\/v2\/pages\/218\/revisions"}],"predecessor-version":[{"id":2048,"href":"https:\/\/epilotos.com\/site\/wp-json\/wp\/v2\/pages\/218\/revisions\/2048"}],"wp:attachment":[{"href":"https:\/\/epilotos.com\/site\/wp-json\/wp\/v2\/media?parent=218"}],"curies":[{"name":"wp","href":"https:\/\/api.w.org\/{rel}","templated":true}]}}